it of 344743120?
4
What is the thousands digit of 226410083?
0
What is the ten millions digit of 1635786274?
3
What is the hundred thousands digit of 47785698?
7
What is the ten millions digit of 104865808?
0
What is the hundreds digit of 305186506?
5
What is the units digit of 218954649?
9
What is the hundred thousands digit of 364784454?
7
What is the ten millions digit of 1244894865?
4
What is the thousands digit of 125670414?
0
What is the thousands digit of 899100685?
0
What is the thousands digit of 4126618321?
8
What is the ten thousands digit of 100465172?
6
What is the hundreds digit of 1096391364?
3
What is the ten thousands digit of 4134275377?
7
What is the hundred thousands digit of 1878779154?
7
What is the thousands digit of 46001178?
1
What is the hundreds digit of 247210477?
4
What is the tens digit of 387757527?
2
What is the hundred thousands digit of 499881087?
8
What is the ten millions digit of 96204898?
9
What is the ten thousands digit of 27361805?
6
What is the ten millions digit of 456514172?
5
What is the units digit of 586515820?
0
What is the ten millions digit of 36963267?
3
What is the units digit of 42892827?
7
What is the tens digit of 6134489?
8
What is the millions digit of 377608582?
7
What is the hundreds digit of 1280035887?
8
What is the units digit of 516080201?
1
What is the thousands digit of 283509268?
9
What is the hundreds digit of 754476522?
5
What is the thousands digit of 3589280?
9
What is the hundred thousands digit of 781858666?
8
What is the hundreds digit of 695711810?
8
What is the millions digit of 31733334?
1
What is the thousands digit of 21441594?
1
What is the hundred millions digit of 574500164?
5
What is the hundreds digit of 7907197222?
2
What is the hundred millions digit of 2622746607?
6
What is the units digit of 65098948?
8
What is the hundreds digit of 30818640?
6
What is the millions digit of 695539286?
5
What is the hundred millions digit of 887250832?
8
What is the hundred thousands digit of 44452823?
4
What is the ten thousands digit of 415825898?
2
What is the units digit of 122458425?
5
What is the thousands digit of 202127799?
7
What is the thousands digit of 102411127?
1
What is the ten millions digit of 404161921?
0
What is the tens digit of 73336260?
6
What is the ten millions digit of 219154615?
1
What is the hundred thousands digit of 2386848?
3
What is the hundred millions digit of 1908878158?
9
What is the millions digit of 594342372?
4
What is the hundred thousands digit of 1329061435?
0
What is the millions digit of 173825820?
3
What is the thousands digit of 606880?
6
What is the hundred thousands digit of 1297592361?
5
What is the ten thousands digit of 74675884?
7
What is the hundred thousands digit of 15865932?
8
What is the thousands digit of 1894454579?
4
What is the thousands digit of 49696653?
6
What is the millions digit of 650254688?
0
What is the thousands digit of 12869087?
9
What is the units digit of 233738419?
9
What is the ten millions digit of 37190238?
3
What is the units digit of 198041937?
7
What is the hundred thousands digit of 3831385?
8
What is the ten millions digit of 2773173383?
7
What is the ten millions digit of 62903375?
6
What is the thousands digit of 168548424?
8
What is the tens digit of 1772711440?
4
What is the hundred millions digit of 206259875?
2
What is the units digit of 3930308599?
9
What is the tens digit of 4406818493?
9
What is the millions digit of 39841333?
9
What is the units digit of 5139262089?
9
What is the ten thousands digit of 515193318?
9
What is the millions digit of 199226991?
9
What is the ten thousands digit of 1812009?
1
What is the ten millions digit of 300814875?
0
What is the hundred millions digit of 2254105004?
2
What is the ten millions digit of 1157300992?
5
What is the millions digit of 145938962?
5
What is the hundred thousands digit of 27134690?
1
What is the ten thousands digit of 156357278?
5
What is the hundred thousands digit of 926818868?
8
What is the hundred thousands digit of 33904735?
9
What is the millions digit of 228624877?
8
What is the units digit of 5189478299?
9
What is the hundred millions digit of 325982433?
3
What is the thousands digit of 107345766?
5
What is the tens digit of 4771442777?
7
What is the tens digit of 106293566?
6
What is the units digit of 3462058237?
7
What is the ten thousands digit of 22988872?
8
What is the hundreds digit of 12085360?
3
What is the ten millions digit of 567820214?
6
What is the millions digit of 180035341?
0
What is the hundred thousands digit of 611792970?
7
What is the thousands digit of 98729525?
9
What is the hundred thousands digit of 1936683073?
6
What is the millions digit of 1945130339?
5
What is the ten millions digit of 53493431?
5
What is the thousands digit of 966884099?
4
What is the units digit of 82570271?
1
What is the hundred millions digit of 1893150366?
8
What is the units digit of 404038887?
7
What is the millions digit of 344993886?
4
What is the ten millions digit of 562826203?
6
What is the thousands digit of 1635891164?
1
What is the millions digit of 20678718?
0
What is the hundreds digit of 230704053?
0
What is the ten thousands digit of 1577690274?
9
What is the ten thousands digit of 130289804?
8
What is the millions digit of 1528491429?
8
What is the tens digit of 732910895?
9
What is the millions digit of 91015080?
1
What is the thousands digit of 1364012252?
2
What is the hundreds digit of 84682601?
6
What is the hundred thousands digit of 16823539?
8
What is the hundreds digit of 48943855?
8
What is the ten thousands digit of 37350198?
5
What is the thousands digit of 9351479?
1
What is the ten thousands digit of 1336231188?
3
What is the ten millions digit of 77263259?
7
What is the hundred millions digit of 171808831?
1
What is the billions digit of 1703237123?
1
What is the millions digit of 8968344?
8
What is the ten millions digit of 216649499?
1
What is the hundred thousands digit of 3075327444?
3
What is the thousands digit of 73339818?
9
What is the units digit of 18858839?
9
What is the tens digit of 87933342?
4
What is the thousands digit of 76696200?
6
What is the thousands digit of 5576731991?
1
What is the ten millions digit of 2960383051?
6
What is the units digit of 18842795?
5
What is the ten thousands digit of 124872534?
7
What is the millions digit of 99119869?
9
What is the tens digit of 279209549?
4
What is the billions digit of 1978751254?
1
What is the hundred thousands digit of 102763537?
7
What is the ten thousands digit of 87306754?
0
What is the hundreds digit of 1027966486?
4
What is the tens digit of 161959528?
2
What is the thousands digit of 158816566?
6
What is the millions digit of 48099686?
8
What is the billions digit of 3389803640?
3
What is the ten millions digit of 731376786?
3
What is the units digit of 2807421203?
3
What is the ten millions digit of 1030351760?
3
What is the hundreds digit of 133682219?
2
What is the ten millions digit of 582205684?
8
What is the millions digit of 309465851?
9
What is the units digit of 603425551?
1
What is the ten thousands digit of 3569758388?
5
What is the hundreds digit of 362599748?
7
What is the hundred millions digit of 6284277063?
2
What is the thousands digit of 464281048?
1
What is the tens digit of 196490369?
6
What is the units digit of 19486249?
9
What is the ten thousands digit of 11098284?
9
What is the ten millions digit of 32585637?
3
What is the thousands digit of 88379505?
9
What is the tens digit of 104781234?
3
What is the units digit of 61452134?
4
What is the billions digit of 3113621745?
3
What is the ten millions digit of 22687679?
2
What is the units digit of 2361502690?
0
What is the units digit of 59717168?
8
What is the hundreds digit of 904966291?
2
What is the ten thousands digit of 13506232?
0
What is the ten thousands digit of 14805097?
0
What is the hundreds digit of 11514319?
3
What is the tens digit of 1605112695?
9
What is the hundred thousands digit of 1847362849?
3
What is the hundred millions digit of 4259218865?
2
What is the ten thousands digit of 192963894?
6
What is the thousands digit of 121227953?
7
What is the hundreds digit of 390778304?
3
What is the millions digit of 5936942259?
6